{"id":68,"date":"2019-07-23T09:37:47","date_gmt":"2019-07-23T12:37:47","guid":{"rendered":"http:\/\/meubroker.com.br\/mirasol\/?page_id=68"},"modified":"2019-12-27T16:46:45","modified_gmt":"2019-12-27T19:46:45","slug":"seja-cliente","status":"publish","type":"page","link":"https:\/\/meubroker.com.br\/mirasol\/contato\/seja-cliente\/","title":{"rendered":"Seja Cliente"},"content":{"rendered":"\t\t<div data-elementor-type=\"wp-post\" data-elementor-id=\"68\" class=\"elementor elementor-68\">\n\t\t\t\t\t\t<section class=\"elementor-section elementor-top-section elementor-element elementor-element-389a7b6 elementor-section-boxed elementor-section-height-default elementor-section-height-default\" data-id=\"389a7b6\" data-element_type=\"section\">\n\t\t\t\t\t\t<div class=\"elementor-container elementor-column-gap-default\">\n\t\t\t\t\t<div class=\"elementor-column elementor-col-100 elementor-top-column elementor-element elementor-element-7fb828d7\" data-id=\"7fb828d7\" data-element_type=\"column\">\n\t\t\t<div class=\"elementor-widget-wrap elementor-element-populated\">\n\t\t\t\t\t\t<div class=\"elementor-element elementor-element-4689a9c5 elementor-widget elementor-widget-text-editor\" data-id=\"4689a9c5\" data-element_type=\"widget\" data-widget_type=\"text-editor.default\">\n\t\t\t\t<div class=\"elementor-widget-container\">\n\t\t\t\t\t\t\t\t\t\n<p><\/p>\n\n\n\n<p><\/p>\n\t\t\t\t\t\t\t\t<\/div>\n\t\t\t\t<\/div>\n\t\t\t\t\t<\/div>\n\t\t<\/div>\n\t\t\t\t\t<\/div>\n\t\t<\/section>\n\t\t\t\t<section class=\"elementor-section elementor-top-section elementor-element elementor-element-f32b2ed elementor-section-boxed elementor-section-height-default elementor-section-height-default\" data-id=\"f32b2ed\" data-element_type=\"section\">\n\t\t\t\t\t\t<div class=\"elementor-container elementor-column-gap-default\">\n\t\t\t\t\t<div class=\"elementor-column elementor-col-50 elementor-top-column elementor-element elementor-element-d00eafe\" data-id=\"d00eafe\" data-element_type=\"column\">\n\t\t\t<div class=\"elementor-widget-wrap elementor-element-populated\">\n\t\t\t\t\t\t<div class=\"elementor-element elementor-element-63d9a9b elementor-widget elementor-widget-shortcode\" data-id=\"63d9a9b\" data-element_type=\"widget\" data-widget_type=\"shortcode.default\">\n\t\t\t\t<div class=\"elementor-widget-container\">\n\t\t\t\t\t\t\t<div class=\"elementor-shortcode\">\n<div class=\"wpcf7 no-js\" id=\"wpcf7-f122-o1\" lang=\"pt-BR\" dir=\"ltr\" data-wpcf7-id=\"122\">\n<div class=\"screen-reader-response\"><p role=\"status\" aria-live=\"polite\" aria-atomic=\"true\"><\/p> <ul><\/ul><\/div>\n<form action=\"\/mirasol\/wp-json\/wp\/v2\/pages\/68#wpcf7-f122-o1\" method=\"post\" class=\"wpcf7-form init\" aria-label=\"Formul\u00e1rios de contato\" novalidate=\"novalidate\" data-status=\"init\">\n<div style=\"display: none;\">\n<input type=\"hidden\" name=\"_wpcf7\" value=\"122\" \/>\n<input type=\"hidden\" name=\"_wpcf7_version\" value=\"6.0.6\" \/>\n<input type=\"hidden\" name=\"_wpcf7_locale\" value=\"pt_BR\" \/>\n<input type=\"hidden\" name=\"_wpcf7_unit_tag\" value=\"wpcf7-f122-o1\" \/>\n<input type=\"hidden\" name=\"_wpcf7_container_post\" value=\"0\" \/>\n<input type=\"hidden\" name=\"_wpcf7_posted_data_hash\" value=\"\" \/>\n<\/div>\n<p>Cliente pessoa F\u00edsica ou Jur\u00eddica?*<br \/>\n<span class=\"wpcf7-form-control-wrap\" data-name=\"radiocnpj\"><span class=\"wpcf7-form-control wpcf7-radio\"><span class=\"wpcf7-list-item first\"><input type=\"radio\" name=\"radiocnpj\" value=\"CNPJ\" checked=\"checked\" \/><span class=\"wpcf7-list-item-label\">CNPJ<\/span><\/span><span class=\"wpcf7-list-item last\"><input type=\"radio\" name=\"radiocnpj\" value=\"CPF\" \/><span class=\"wpcf7-list-item-label\">CPF<\/span><\/span><\/span><\/span>\n<\/p>\n<p><label> Qual o seu neg\u00f3cio? <span class=\"wpcf7-form-control-wrap\" data-name=\"comercio\"><select class=\"wpcf7-form-control wpcf7-select wpcf7-validates-as-required\" aria-required=\"true\" aria-invalid=\"false\" name=\"comercio\"><option value=\"\">&#8212;Escolha uma op\u00e7\u00e3o&#8212;<\/option><option value=\"BANCA DE JORNAL\">BANCA DE JORNAL<\/option><option value=\"BAR\/LANCHONETE\">BAR\/LANCHONETE<\/option><option value=\"BOMBONIERE\">BOMBONIERE<\/option><option value=\"CLINICA VETERIN\u00c1RIA\">CLINICA VETERIN\u00c1RIA<\/option><option value=\"CONFEITARIA\">CONFEITARIA<\/option><option value=\"CONVENI\u00caNCIA\">CONVENI\u00caNCIA<\/option><option value=\"DELICATESSEN\">DELICATESSEN<\/option><option value=\"E-COMMERCE\">E-COMMERCE<\/option><option value=\"FARM\u00c1CIA\">FARM\u00c1CIA<\/option><option value=\"HOSPITAL \/ CLINICAS\">HOSPITAL \/ CLINICAS<\/option><option value=\"HOTEL\">HOTEL<\/option><option value=\"MERCADINHO\">MERCADINHO<\/option><option value=\"MICRODISTRIBUIDOR\">MICRODISTRIBUIDOR<\/option><option value=\"PADARIA \/ PANIFICADORA\">PADARIA \/ PANIFICADORA<\/option><option value=\"PETSHOP\">PETSHOP<\/option><option value=\"RESTAURANTE\">RESTAURANTE<\/option><option value=\"SUPERMERCADO\">SUPERMERCADO<\/option><\/select><\/span><\/label>\n<\/p>\n<p><label> Seu nome* <span class=\"wpcf7-form-control-wrap\" data-name=\"your-name\"><input size=\"40\" maxlength=\"400\" class=\"wpcf7-form-control wpcf7-text wpcf7-validates-as-required\" aria-required=\"true\" aria-invalid=\"false\" value=\"\" type=\"text\" name=\"your-name\" \/><\/span> <\/label>\n<\/p>\n<p><label> CPF ou CNPJ* <span class=\"wpcf7-form-control-wrap\" data-name=\"cpfcnpj\"><input size=\"40\" maxlength=\"400\" class=\"wpcf7-form-control wpcf7-tel wpcf7-validates-as-required wpcf7-text wpcf7-validates-as-tel\" aria-required=\"true\" aria-invalid=\"false\" value=\"\" type=\"tel\" name=\"cpfcnpj\" \/><\/span> <\/label>\n<\/p>\n<p><label> Inscri\u00e7\u00e3o Estadual(caso tenha)<span class=\"wpcf7-form-control-wrap\" data-name=\"ieinfos\"><input size=\"40\" maxlength=\"400\" class=\"wpcf7-form-control wpcf7-text\" aria-invalid=\"false\" value=\"\" type=\"text\" name=\"ieinfos\" \/><\/span><\/label>\n<\/p>\n<p><label> Raz\u00e3o Social <span class=\"wpcf7-form-control-wrap\" data-name=\"razaosocial\"><input size=\"40\" maxlength=\"400\" class=\"wpcf7-form-control wpcf7-text\" aria-invalid=\"false\" value=\"\" type=\"text\" name=\"razaosocial\" \/><\/span> <\/label>\n<\/p>\n<p><label> Cidade* <span class=\"wpcf7-form-control-wrap\" data-name=\"cidade\"><input size=\"40\" maxlength=\"400\" class=\"wpcf7-form-control wpcf7-text wpcf7-validates-as-required\" aria-required=\"true\" aria-invalid=\"false\" value=\"\" type=\"text\" name=\"cidade\" \/><\/span> <\/label>\n<\/p>\n<p><label> Rua \/ Logradouro*<span class=\"wpcf7-form-control-wrap\" data-name=\"endereco\"><input size=\"40\" maxlength=\"400\" class=\"wpcf7-form-control wpcf7-text wpcf7-validates-as-required\" aria-required=\"true\" aria-invalid=\"false\" value=\"\" type=\"text\" name=\"endereco\" \/><\/span><\/label>\n<\/p>\n<p><label> Bairro*<span class=\"wpcf7-form-control-wrap\" data-name=\"bairro\"><input size=\"40\" maxlength=\"400\" class=\"wpcf7-form-control wpcf7-text wpcf7-validates-as-required\" aria-required=\"true\" aria-invalid=\"false\" value=\"\" type=\"text\" name=\"bairro\" \/><\/span><\/label>\n<\/p>\n<p><label> Complemento <span class=\"wpcf7-form-control-wrap\" data-name=\"complemento\"><input size=\"40\" maxlength=\"400\" class=\"wpcf7-form-control wpcf7-text wpcf7-validates-as-required\" aria-required=\"true\" aria-invalid=\"false\" value=\"\" type=\"text\" name=\"complemento\" \/><\/span><\/label>\n<\/p>\n<p><label> Seu e-mail*<span class=\"wpcf7-form-control-wrap\" data-name=\"your-email\"><input size=\"40\" maxlength=\"400\" class=\"wpcf7-form-control wpcf7-email wpcf7-validates-as-required wpcf7-text wpcf7-validates-as-email\" aria-required=\"true\" aria-invalid=\"false\" value=\"\" type=\"email\" name=\"your-email\" \/><\/span> <\/label>\n<\/p>\n<p><label> Telefone \/ Whatsapp* <span class=\"wpcf7-form-control-wrap\" data-name=\"telefone\"><input size=\"40\" maxlength=\"400\" class=\"wpcf7-form-control wpcf7-tel wpcf7-validates-as-required wpcf7-text wpcf7-validates-as-tel\" aria-required=\"true\" aria-invalid=\"false\" value=\"\" type=\"tel\" name=\"telefone\" \/><\/span><\/label>\n<\/p>\n<h2> Termos de utiliza\u00e7\u00e3o\n<\/h2>\n<p><span class=\"wpcf7-form-control-wrap\" data-name=\"disclaimer\"><span class=\"wpcf7-form-control wpcf7-checkbox wpcf7-validates-as-required\"><span class=\"wpcf7-list-item first last\"><input type=\"checkbox\" name=\"disclaimer[]\" value=\"Estou ciente e de acordo que dados pessoais por mim fornecidos e enviados atrav\u00e9s deste formul\u00e1rio, servir\u00e3o somente para composi\u00e7\u00e3o do meu cadastro de cliente e para fins de contato futuro caso seja necess\u00e1rio.\" \/><span class=\"wpcf7-list-item-label\">Estou ciente e de acordo que dados pessoais por mim fornecidos e enviados atrav\u00e9s deste formul\u00e1rio, servir\u00e3o somente para composi\u00e7\u00e3o do meu cadastro de cliente e para fins de contato futuro caso seja necess\u00e1rio.<\/span><\/span><\/span><\/span>\n<\/p>\n<center> Caso tenha alguma d\u00favida, consulte nossa\n\t<p><a href=\"http:\/\/meubroker.com.br\/mirasol\/politica-de-privacidade\/\">Pol\u00edtica de Privacidade<\/a>\n\t<\/p>\n<\/center>\n<center>\n\t<p><input class=\"wpcf7-form-control wpcf7-submit has-spinner\" type=\"submit\" value=\"ENVIAR CADASTRO\" \/>\n\t<\/p>\n<\/center><div class=\"wpcf7-response-output\" aria-hidden=\"true\"><\/div>\n<\/form>\n<\/div>\n<\/div>\n\t\t\t\t\t\t<\/div>\n\t\t\t\t<\/div>\n\t\t\t\t<div class=\"elementor-element elementor-element-36aaa3f elementor-view-default elementor-position-top elementor-mobile-position-top elementor-widget elementor-widget-icon-box\" data-id=\"36aaa3f\" data-element_type=\"widget\" data-widget_type=\"icon-box.default\">\n\t\t\t\t<div class=\"elementor-widget-container\">\n\t\t\t\t\t\t\t<div class=\"elementor-icon-box-wrapper\">\n\n\t\t\t\t\t\t<div class=\"elementor-icon-box-icon\">\n\t\t\t\t<span  class=\"elementor-icon\">\n\t\t\t\t<i aria-hidden=\"true\" class=\"far fa-check-circle\"><\/i>\t\t\t\t<\/span>\n\t\t\t<\/div>\n\t\t\t\n\t\t\t\t\t\t<div class=\"elementor-icon-box-content\">\n\n\t\t\t\t\t\t\t\t\t<h3 class=\"elementor-icon-box-title\">\n\t\t\t\t\t\t<span  >\n\t\t\t\t\t\t\tE agora?\t\t\t\t\t\t<\/span>\n\t\t\t\t\t<\/h3>\n\t\t\t\t\n\t\t\t\t\t\t\t\t\t<p class=\"elementor-icon-box-description\">\n\t\t\t\t\t\tUm de nossos consultores entrar\u00e1 em contato com voc\u00ea, para finalizar o cadastro e em alguns dias voc\u00ea j\u00e1 estar\u00e1 sendo atendido!\t\t\t\t\t<\/p>\n\t\t\t\t\n\t\t\t<\/div>\n\t\t\t\n\t\t<\/div>\n\t\t\t\t\t\t<\/div>\n\t\t\t\t<\/div>\n\t\t\t\t<div class=\"elementor-element elementor-element-6513162 elementor-widget elementor-widget-progress\" data-id=\"6513162\" data-element_type=\"widget\" data-widget_type=\"progress.default\">\n\t\t\t\t<div class=\"elementor-widget-container\">\n\t\t\t\t\t\t\t\t<span class=\"elementor-title\" id=\"elementor-progress-bar-6513162\">\n\t\t\t\tMeu cadastro\t\t\t<\/span>\n\t\t\n\t\t<div aria-labelledby=\"elementor-progress-bar-6513162\" class=\"elementor-progress-wrapper progress-success\" role=\"progressbar\" aria-valuemin=\"0\" aria-valuemax=\"100\" aria-valuenow=\"70\" aria-valuetext=\"70% (Conclus\u00e3o do seu cadastro)\">\n\t\t\t<div class=\"elementor-progress-bar\" data-max=\"70\">\n\t\t\t\t<span class=\"elementor-progress-text\">Conclus\u00e3o do seu cadastro<\/span>\n\t\t\t\t\t\t\t\t\t<span class=\"elementor-progress-percentage\">70%<\/span>\n\t\t\t\t\t\t\t<\/div>\n\t\t<\/div>\n\t\t\t\t\t\t<\/div>\n\t\t\t\t<\/div>\n\t\t\t\t\t<\/div>\n\t\t<\/div>\n\t\t\t\t<div class=\"elementor-column elementor-col-50 elementor-top-column elementor-element elementor-element-48b7a76\" data-id=\"48b7a76\" data-element_type=\"column\">\n\t\t\t<div class=\"elementor-widget-wrap elementor-element-populated\">\n\t\t\t\t\t\t<div class=\"elementor-element elementor-element-f2922e3 elementor-widget elementor-widget-image\" data-id=\"f2922e3\" data-element_type=\"widget\" data-widget_type=\"image.default\">\n\t\t\t\t<div class=\"elementor-widget-container\">\n\t\t\t\t\t\t\t\t\t\t\t\t\t\t\t<img fetchpriority=\"high\" decoding=\"async\" width=\"759\" height=\"1024\" src=\"https:\/\/meubroker.com.br\/mirasol\/wp-content\/uploads\/2019\/07\/cliente-759x1024.png\" class=\"attachment-large size-large wp-image-128\" alt=\"\" srcset=\"https:\/\/meubroker.com.br\/mirasol\/wp-content\/uploads\/2019\/07\/cliente-759x1024.png 759w, https:\/\/meubroker.com.br\/mirasol\/wp-content\/uploads\/2019\/07\/cliente-222x300.png 222w, https:\/\/meubroker.com.br\/mirasol\/wp-content\/uploads\/2019\/07\/cliente-768x1036.png 768w, https:\/\/meubroker.com.br\/mirasol\/wp-content\/uploads\/2019\/07\/cliente.png 1695w\" sizes=\"(max-width: 759px) 100vw, 759px\" \/>\t\t\t\t\t\t\t\t\t\t\t\t\t\t\t<\/div>\n\t\t\t\t<\/div>\n\t\t\t\t<section class=\"elementor-section elementor-inner-section elementor-element elementor-element-e9bba98 elementor-section-boxed elementor-section-height-default elementor-section-height-default\" data-id=\"e9bba98\" data-element_type=\"section\">\n\t\t\t\t\t\t<div class=\"elementor-container elementor-column-gap-default\">\n\t\t\t\t\t<div class=\"elementor-column elementor-col-66 elementor-inner-column elementor-element elementor-element-22fce84\" data-id=\"22fce84\" data-element_type=\"column\">\n\t\t\t<div class=\"elementor-widget-wrap elementor-element-populated\">\n\t\t\t\t\t\t<div class=\"elementor-element elementor-element-7af9553 elementor-widget elementor-widget-heading\" data-id=\"7af9553\" data-element_type=\"widget\" data-widget_type=\"heading.default\">\n\t\t\t\t<div class=\"elementor-widget-container\">\n\t\t\t\t\t<h2 class=\"elementor-heading-title elementor-size-medium\">D\u00favidas? Chama no Whatsapp<\/h2>\t\t\t\t<\/div>\n\t\t\t\t<\/div>\n\t\t\t\t\t<\/div>\n\t\t<\/div>\n\t\t\t\t<div class=\"elementor-column elementor-col-33 elementor-inner-column elementor-element elementor-element-c1a7521\" data-id=\"c1a7521\" data-element_type=\"column\">\n\t\t\t<div class=\"elementor-widget-wrap elementor-element-populated\">\n\t\t\t\t\t\t<div class=\"elementor-element elementor-element-0515bd7 elementor-align-center elementor-widget elementor-widget-button\" data-id=\"0515bd7\" data-element_type=\"widget\" data-widget_type=\"button.default\">\n\t\t\t\t<div class=\"elementor-widget-container\">\n\t\t\t\t\t\t\t\t\t<div class=\"elementor-button-wrapper\">\n\t\t\t\t\t<a class=\"elementor-button elementor-button-link elementor-size-xs\" href=\"http:\/\/api.whatsapp.com\/send?1=pt_BR&#038;phone=5575981571140\">\n\t\t\t\t\t\t<span class=\"elementor-button-content-wrapper\">\n\t\t\t\t\t\t\t\t\t<span class=\"elementor-button-text\">SAC - ATENDIMENTO<\/span>\n\t\t\t\t\t<\/span>\n\t\t\t\t\t<\/a>\n\t\t\t\t<\/div>\n\t\t\t\t\t\t\t\t<\/div>\n\t\t\t\t<\/div>\n\t\t\t\t\t<\/div>\n\t\t<\/div>\n\t\t\t\t\t<\/div>\n\t\t<\/section>\n\t\t\t\t\t<\/div>\n\t\t<\/div>\n\t\t\t\t\t<\/div>\n\t\t<\/section>\n\t\t\t\t<\/div>\n\t\t","protected":false},"excerpt":{"rendered":"<p>E agora? Um de nossos consultores entrar\u00e1 em contato com voc\u00ea, para finalizar o cadastro e em alguns dias voc\u00ea j\u00e1 estar\u00e1 sendo atendido! Meu cadastro Conclus\u00e3o do seu cadastro 70% D\u00favidas? Chama no Whatsapp SAC &#8211; ATENDIMENTO<\/p>\n","protected":false},"author":1,"featured_media":0,"parent":62,"menu_order":0,"comment_status":"closed","ping_status":"closed","template":"","meta":{"footnotes":""},"class_list":["post-68","page","type-page","status-publish","hentry","wpbf-post"],"_links":{"self":[{"href":"https:\/\/meubroker.com.br\/mirasol\/wp-json\/wp\/v2\/pages\/68","targetHints":{"allow":["GET"]}}],"collection":[{"href":"https:\/\/meubroker.com.br\/mirasol\/wp-json\/wp\/v2\/pages"}],"about":[{"href":"https:\/\/meubroker.com.br\/mirasol\/wp-json\/wp\/v2\/types\/page"}],"author":[{"embeddable":true,"href":"https:\/\/meubroker.com.br\/mirasol\/wp-json\/wp\/v2\/users\/1"}],"replies":[{"embeddable":true,"href":"https:\/\/meubroker.com.br\/mirasol\/wp-json\/wp\/v2\/comments?post=68"}],"version-history":[{"count":19,"href":"https:\/\/meubroker.com.br\/mirasol\/wp-json\/wp\/v2\/pages\/68\/revisions"}],"predecessor-version":[{"id":310,"href":"https:\/\/meubroker.com.br\/mirasol\/wp-json\/wp\/v2\/pages\/68\/revisions\/310"}],"up":[{"embeddable":true,"href":"https:\/\/meubroker.com.br\/mirasol\/wp-json\/wp\/v2\/pages\/62"}],"wp:attachment":[{"href":"https:\/\/meubroker.com.br\/mirasol\/wp-json\/wp\/v2\/media?parent=68"}],"curies":[{"name":"wp","href":"https:\/\/api.w.org\/{rel}","templated":true}]}}